 base 2.
11100
-12 (base 15) to base 7
-23
11 (base 10) to base 11
10
13 (base 12) to base 14
11
Convert -22020 (base 3) to base 10.
-222
4 (base 14) to base 9
4
Convert 0 (base 12) to base 7.
0
What is 4 (base 10) in base 14?
4
-12 (base 8) to base 10
-10
10 (base 2) to base 8
2
What is 9 (base 13) in base 16?
9
Convert -1 (base 11) to base 13.
-1
What is 3 (base 16) in base 15?
3
What is 4 (base 5) in base 10?
4
1 (base 10) to base 8
1
What is 111 (base 5) in base 14?
23
Convert -2031 (base 4) to base 16.
-8d
Convert 63 (base 12) to base 8.
113
What is 7a (base 13) in base 5?
401
-13 (base 9) to base 6
-20
Convert -2 (base 14) to base 5.
-2
Convert -1003 (base 4) to base 3.
-2111
What is -4 (base 14) in base 9?
-4
Convert 6 (base 9) to base 11.
6
Convert -11010 (base 2) to base 12.
-22
What is -14 (base 6) in base 3?
-101
2b (base 14) to base 7
54
-8 (base 10) to base 12
-8
10 (base 12) to base 16
c
What is 69 (base 16) in base 13?
81
Convert -4 (base 14) to base 13.
-4
What is -1000 (base 2) in base 7?
-11
181 (base 13) to base 8
422
-142 (base 9) to base 14
-87
What is 2 (base 13) in base 16?
2
Convert -3 (base 16) to base 10.
-3
-100 (base 2) to base 14
-4
-3 (base 4) to base 13
-3
Convert 3 (base 16) to base 15.
3
1 (base 4) to base 12
1
What is -1 (base 14) in base 7?
-1
What is -153 (base 8) in base 9?
-128
-20 (base 10) to base 13
-17
0 (base 8) to base 13
0
-8a (base 15) to base 16
-82
-21 (base 16) to base 5
-113
What is -1 (base 11) in base 14?
-1
Convert -1110110 (base 2) to base 10.
-118
-1010110 (base 2) to base 15
-5b
What is 34 (base 5) in base 8?
23
Convert 10 (base 7) to base 9.
7
101 (base 5) to base 6
42
Convert 0 (base 4) to base 13.
0
-3 (base 4) to base 9
-3
Convert 3 (base 4) to base 13.
3
1c (base 16) to base 7
40
Convert 107 (base 10) to base 5.
412
5 (base 14) to base 2
101
What is -22 (base 6) in base 7?
-20
Convert -15 (base 13) to base 8.
-22
What is a (base 15) in base 4?
22
-150 (base 10) to base 4
-2112
Convert -221 (base 5) to base 3.
-2021
What is 82 (base 9) in base 14?
54
What is 268 (base 10) in base 5?
2033
Convert 2e (base 15) to base 13.
35
-1101010 (base 2) to base 4
-1222
Convert 0 (base 15) to base 7.
0
8a (base 11) to base 2
1100010
What is 1 (base 11) in base 12?
1
-26 (base 7) to base 6
-32
Convert 14 (base 14) to base 11.
17
What is -1331 (base 4) in base 10?
-125
What is -5 (base 10) in base 9?
-5
Convert -3 (base 8) to base 11.
-3
Convert -5 (base 10) to base 4.
-11
-30 (base 7) to base 16
-15
Convert 2 (base 11) to base 4.
2
-164 (base 7) to base 6
-235
What is -3 (base 9) in base 11?
-3
Convert 18 (base 15) to base 14.
19
What is 333 (base 4) in base 10?
63
What is b3 (base 16) in base 14?
cb
What is -1 (base 8) in base 4?
-1
-4 (base 13) to base 15
-4
What is 10 (base 13) in base 5?
23
-6 (base 13) to base 2
-110
What is -21 (base 3) in base 13?
-7
What is -10101001 (base 2) in base 13?
-100
-22101 (base 3) to base 9
-271
What is 13 (base 9) in base 8?
14
Convert d (base 16) to base 10.
13
Convert -16 (base 11) to base 14.
-13
What is -3 (base 11) in base 5?
-3
Convert -95 (base 12) to base 2.
-1110001
Convert -1 (base 6) to base 7.
-1
165 (base 7) to base 6
240
34 (base 14) to base 12
3a
-20 (base 7) to base 11
-13
Convert 22 (base 11) to base 7.
33
-22 (base 10) to base 15
-17
What is 14 (base 7) in base 8?
13
2 (base 13) to base 3
2
What is -8 (base 13) in base 4?
-20
Convert -1011 (base 3) to base 12.
-27
What is -1 (base 9) in base 13?
-1
Convert -e (base 16) to base 9.
-15
Convert -80 (base 13) to base 10.
-104
What is 1010001 (base 2) in base 3?
10000
-32 (base 4) to base 3
-112
5f (base 16) to base 15
65
Convert -3 (base 5) to base 11.
-3
101100 (base 2) to base 14
32
c0 (base 14) to base 12
120
a (base 11) to base 14
a
Convert -6 (base 11) to base 9.
-6
12 (base 4) to base 15
6
What is 1 (base 12) in base 11?
1
Convert 1a (base 14) to base 6.
40
Convert 1 (base 9) to base 5.
1
4 (base 14) to base 12
4
What is -1 (base 3) in base 11?
-1
Convert -1010 (base 6) to base 8.
-336
Convert -48 (base 9) to base 5.
-134
What is 2 (base 15) in base 8?
2
What is 1010 (base 2) in base 3?
101
220 (base 4) to base 5
130
b (base 16) to base 3
102
Convert -152 (base 8) to base 4.
-1222
44 (base 5) to base 4
120
-70 (base 15) to base 7
-210
Convert 328 (base 10) to base 15.
16d
6 (base 13) to base 14
6
What is -1 (base 4) in base 9?
-1
What is -1 (base 5) in base 8?
-1
What is -29 (base 14) in base 3?
-1101
-1 (base 9) to base 16
-1
Convert -6 (base 9) to base 6.
-10
30 (base 13) to base 5
124
Convert 2322 (base 4) to base 12.
136
What is -1a (base 11) in base 14?
-17
Convert 1 (base 6) to base 5.
1
-48 (base 15) to base 16
-44
-6 (base 9) to base 3
-20
-2033 (base 4) to base 15
-98
-1111100 (base 2) to base 8
-174
1001 (base 2) to base 5
14
-1 (base 10) to base 7
-1
What is 42 (base 11) in base 4?
232
What is -99 (base 11) in base 15?
-73
Convert -121 (base 5) to base 11.
-33
What is 0 (base 11) in base 13?
0
-5 (base 15) to base 9
-5
What is 4 (base 10) in base 16?
4
What is 37 (base 10) in base 16?
25
What is -202 (base 5) in base 13?
-40
Convert -29 (base 13) to base 15.
-25
Convert 4 (base 13) to base 4.
10
Convert 4 (base 9) to base 16.
4
What is -1 (base 9) in base 15?
-1
What is -33 (base 9) in base 16?
-1e
Convert -10 (base 6) to base 15.
-6
What is 13 (base 8) in base 13?
b
-11 (base 9) to base 7
-13
46 (base 14) to base 12
52
Convert -3 (base 10) to base 4.
-3
12 (base 11) to base 2
1101
What is 102 (base 5) in base 9?
30
22 (base 7) to base 4
100
What is -1c (base 15) in base 10?
-27
Convert -123 (base 16) to base 13.
-195
Convert 2b (base 12) to base 10.
35
What is 3 (base 11) in base 8?
3
What is -110 (base 2) in base 4?
-12
Convert -1 (base 3) to base 7.
-1
Convert 1 (base 13) to base 11.
1
Convert -52 (base 8) to base 10.
-42
Convert 4 (base 6) to base 12.
4
4 (base 11) to base 14
4
Convert -2 (base 12) to base 14.
-2
11101 (base 2) to base 5
104
What is -2 (base 13) in base 9?
-2
Convert -523 (base 7) to base 14.
-14a
-73 (base 12) to base 5
-322
Convert 29 (base 15) to base 16.
27
18 (base 11) to base 9
21
3 (base 10) to base 2
11
What is 101 (base 5) in base 10?
26
20 (base 5) to base 14
a
-1 (base 7) to base 10
-1
What is -1 (base 13) in base 6?
-1
Convert 11 (base 5) to base 7.
6
Convert -1 (base 3) to base 5.
-1
-84 (base 11) to base 2
-1011100
-110 (base 4) to base 15
-15
Convert -51 (base 8) to base 3.
-1112
Convert 1 (base 5) to base 15.
1
101 (base 5) to base 9
28
2 (base 6) to base 4
2
-3a (base 15) to base 13
-43
Convert 18 (base 10) to base 11.
17
What is -3 (base 14) in base 6?
-3
Convert 6 (base 8) to base 9.
6
-4 (base 12) to base 8
-4
120 (base 10) to base 3
11110
2 (base 4) to base 3
2
Convert -16 (base 15) to base 3.
-210
105 (base 9) to base 8
126
Convert -5 (base 8) to base 2.
-101
-11 (base 2) to base 4
-3
Convert -3 (base 8) to base 3.
-10
-1 (base 15) to base 14
-1
30 (base 14) to base 2
101010
Convert 110100 (base 2) to base 8.
64
-1100 (base 2) to base 12
-10
Convert 111000 (base 2) to base 5.
211
What is 123 (base 4) in base 6?
43
-101 (base 2) to base 13
-5
What is 24 (base 8) in base 16?
14
What is -110 (base 4) in base 14?
-16
Convert -2 (base 15) to base 8.
-2
-21 (base 5) to base 4
-23
Convert 8 (base 10) to base 6.
12
10010 (base 2) to base 14
14
What is 5 (base 10) in base 15?
5
What is 4 (base 5) in base 6?
4
Convert -22 (base 16) to base 8.
-42
Convert 1 (base 9) to base 12.
1
-26 (base 9) to base 7
-33
-3 (base 15) to base 16
-3
What is 100 (base 6) in base 16?
24
Convert 234 (base 6) to base 11.
86
Convert -26 (base 15) to base 9.
-40
105 (base 9) to base 8
126
-4 (base 16) to base 8
-4
Convert -8 (base 13) to base 6.
-12
What is -8 (base 12) in base 4?
-20
What is -12 (base 8) in base 10?
-10
3 (base 12) to base 6
3
What is -34 (base 7) in base 15?
-1a
What is 28 (base 9) in base 6?
42
What is 1 (base 11) in base 5?
1
224 (base 6) to base 15
5d
What is -1102 (base 3) in base 6?
-102
Convert -59 (base 12) to base 7.
-126
What is 41 (base 15) in base 3?
2021
What is -11 (base 7) in base 5?
-13
Convert -10 (base 9) to base 4.
-21
-301 (base 7) to base 15
-9d
Convert -202 (base 3) to base 13.
-17
-26 (base 8) to base 6
-34
Convert -17 (base 13)